ue
Is 19 a factor of 44878?
True
Is 1141476 a multiple of 7?
True
Is 85 a factor of 8160?
True
Is 563805 a multiple of 603?
True
Is 173179 a multiple of 14?
False
Is 9029189 a multiple of 13?
True
Is 318051 a multiple of 23?
False
Is 321 a factor of 347643?
True
Does 27 divide 323973?
True
Is 621192 a multiple of 132?
True
Does 9 divide 249894?
True
Does 1017 divide 1819430?
False
Is 45 a factor of 180720?
True
Does 104 divide 270400?
True
Does 54 divide 10530911?
False
Is 174 a factor of 1387904?
False
Does 49 divide 31856?
False
Is 300 a factor of 157984?
False
Is 236797 a multiple of 103?
True
Does 16 divide 308543?
False
Does 55 divide 1695595?
True
Does 24 divide 119280?
True
Is 129 a factor of 37797?
True
Is 13 a factor of 579540?
True
Does 16 divide 202064?
True
Is 19172 a multiple of 25?
False
Is 14 a factor of 821926?
True
Does 14 divide 7445?
False
Is 3224489 a multiple of 393?
False
Is 555400 a multiple of 100?
True
Does 171 divide 510606?
True
Is 3671216 a multiple of 472?
True
Is 110 a factor of 12382370?
True
Is 530 a factor of 809310?
True
Does 39 divide 5678141?
False
Does 57 divide 301633?
False
Is 5190682 a multiple of 41?
True
Is 243432 a multiple of 294?
True
Is 13 a factor of 1427440?
False
Does 34 divide 837692?
True
Is 251 a factor of 505765?
True
Is 22 a factor of 2011988?
True
Is 93 a factor of 215913?
False
Does 125 divide 187000?
True
Is 1499723 a multiple of 11?
False
Does 622 divide 439754?
True
Does 11 divide 2464965?
False
Is 1664970 a multiple of 204?
False
Is 86 a factor of 7646741?
False
Does 187 divide 1083882?
False
Is 695008 a multiple of 265?
False
Is 187191 a multiple of 13?
False
Is 148 a factor of 2030056?
False
Is 22 a factor of 170652?
False
Is 975 a factor of 18743377?
False
Does 161 divide 14450?
False
Does 6 divide 25776?
True
Does 1247 divide 1881393?
False
Does 3 divide 215934?
True
Does 11 divide 1671640?
False
Is 37 a factor of 285532?
False
Is 6470450 a multiple of 950?
True
Is 213 a factor of 1000674?
True
Is 1330086 a multiple of 62?
True
Is 2873712 a multiple of 274?
True
Is 4333410 a multiple of 890?
True
Does 642 divide 742813?
False
Does 198 divide 14112689?
False
Is 54 a factor of 3557103?
False
Is 19 a factor of 1781705?
False
Does 269 divide 1269411?
True
Is 187 a factor of 2897191?
True
Is 99414 a multiple of 63?
True
Does 28 divide 254772?
True
Is 1567773 a multiple of 357?
False
Does 14 divide 12908?
True
Does 32 divide 997301?
False
Is 22 a factor of 7480?
True
Is 610857 a multiple of 39?
True
Is 133404 a multiple of 149?
False
Does 4 divide 124860?
True
Is 203 a factor of 187369?
True
Does 419 divide 110197?
True
Does 132 divide 7448404?
False
Is 1169600 a multiple of 20?
True
Does 10 divide 1072660?
True
Does 3 divide 76649?
False
Is 1453993 a multiple of 346?
False
Is 30 a factor of 163808?
False
Is 4 a factor of 243?
False
Does 42 divide 50542?
False
Is 42 a factor of 189630?
True
Is 387150 a multiple of 30?
True
Does 312 divide 5709669?
False
Does 519 divide 1417389?
True
Does 56 divide 374080?
True
Is 9 a factor of 444954?
False
Is 141840 a multiple of 10?
True
Is 24 a factor of 85908?
False
Is 3174849 a multiple of 1593?
True
Is 1257112 a multiple of 31?
True
Is 124 a factor of 1557688?
True
Is 19043 a multiple of 71?
False
Is 887965 a multiple of 95?
True
Is 1499827 a multiple of 1051?
False
Is 27473468 a multiple of 557?
True
Does 2007 divide 17037403?
False
Is 137619 a multiple of 4?
False
Does 41 divide 12120502?
True
Does 444 divide 26223084?
True
Does 1224 divide 16588017?
False
Is 10 a factor of 184570?
True
Does 16 divide 83495?
False
Does 3 divide 254539?
False
Does 2 divide 35069?
False
Does 473 divide 873158?
True
Does 352 divide 1398848?
True
Does 15 divide 8560947?
False
Is 129 a factor of 1057155?
True
Is 63732 a multiple of 6?
True
Does 17 divide 131648?
True
Is 16 a factor of 499568?
True
Does 347 divide 169683?
True
Is 3860901 a multiple of 11?
True
Is 6 a factor of 14629?
False
Is 64 a factor of 79341?
False
Is 52771 a multiple of 50?
False
Does 10 divide 95009?
False
Does 189 divide 17397?
False
Is 16157054 a multiple of 1026?
False
Is 20674 a multiple of 190?
False
Is 446 a factor of 631019?
False
Does 23 divide 15397350?
True
Is 9 a factor of 71505?
True
Is 1912285 a multiple of 17?
False
Is 81 a factor of 252396?
True
Is 151 a factor of 4423881?
False
Does 7 divide 763063?
True
Is 26 a factor of 92466?
False
Does 333 divide 4779216?
True
Is 1243497 a multiple of 878?
False
Is 32 a factor of 26887?
False
Does 112 divide 89040?
True
Is 18 a factor of 1091466?
True
Does 12 divide 344448?
True
Does 5 divide 19141?
False
Is 186 a factor of 5060876?
False
Does 517 divide 557843?
True
Does 25 divide 250207?
False
Is 66929 a multiple of 127?
True
Is 6515128 a multiple of 7?
False
Is 983621 a multiple of 52?
False
Is 11 a factor of 178782?
False
Is 11973961 a multiple of 9?
False
Is 724831 a multiple of 644?
False
Is 211138 a multiple of 36?
False
Is 31 a factor of 3387431?
False
Is 797 a factor of 8726353?
True
Is 69628 a multiple of 4?
True
Does 72 divide 35928?
True
Is 407392 a multiple of 116?
True
Does 29 divide 215976?
False
Is 320568 a multiple of 444?
True
Does 88 divide 239360?
True
Does 5 divide 3576150?
True
Does 2 divide 1297909?
False
Is 1465600 a multiple of 64?
True
Is 1431 a factor of 1511136?
True
Is 575 a factor of 1347225?
True
Does 9 divide 127989?
True
Is 1620394 a multiple of 9?
False
Is 6017712 a multiple of 1772?
True
Is 267 a factor of 1004290?
False
Is 499329 a multiple of 8?
False
Is 581853 a multiple of 34?
False
Is 19 a factor of 608718?
False
Is 78272 a multiple of 64?
True
Is 170112 a multiple of 21?
False
Does 24 divide 908160?
True
Is 296860 a multiple of 20?
True
Is 422318 even?
True
Is 1866 a factor of 12980211?
False
Is 4914 a multiple of 7?
True
Is 203813 a multiple of 19?
True
Is 803200 a multiple of 5?
True
Is 35 a factor of 168070?
True
Does 47 divide 189413?
False
Is 116 a factor of 452864?
True
Is 47604 a multiple of 18?
False
Does 651 divide 697221?
True
Does 14 divide 109270?
True
Does 1235 divide 6259798?
False
Does 98 divide 133928?
False
Is 28 a factor of 519154?
False
Is 491976 a multiple of 3?
True
Is 57168 even?
True
Is 503200 a multiple of 592?
True
Is 383264 a multiple of 14?
True
Is 2264262 a multiple of 769?
False
Is 962 a factor of 1529581?
False
Is 57 a factor of 367894?
False
Is 1613300 a multiple of 884?
True
Is 77 a factor of 3981329?
False
Is 153 a factor of 101335?
False
Does 1148 divide 14516339?
False
Is 351 a factor of 7617753?
True
Is 196 a factor of 1312516?
False
Does 396 divide 424506?
False
Is 21801 a multiple of 13?
True
Is 512 a factor of 1273344?
True
Is 47 a factor of 192645?
False
Is 4714848 a multiple of 81?
True
Does 10 divide 65670?
True
Is 436120 a multiple of 20?
True
Is 409089 a multiple of 16?
False
Is 21 a factor of 2354331?
True
Does 342 divide 172710?
True
Does 9 divide 447696?
True
Does 560 divide 3391282?
False
Is 17271075 a multiple of 75?
True
Is 16414272 a multiple of 672?
True
Is 3513496 a multiple of 36?
False
Does 14 divide 134429?
False
Is 193908 a multiple of 44?
True
Is 5299 a multiple of 57?
False
Does 84 divide 536592?
True
Does 15 divide 36404?
False
Is 106682 even?
True
Does 2 divide 739288?
True
Is 202 a factor of 5729209?
False
Is 501346 a multiple of 62?
False
Is 477933 even?
False
Is 91 a factor of 7490574?
True
Is 46 a factor of 2122670?
True
Is 232 a factor of 202596?
False
Is 105 a factor of 1897944?
False
Is 43 a factor of 496822?
True
Is 8416927 a multiple of 1058?
False
Is 290978 a multiple of 73?
True
Is 3834380 a multiple of 601?
True
Does 271 divide 622332?
False
Is 15 a factor of 327136?
False
Does 3 divide 2190446?
False
Is 8 a factor of 4032?
True
Does 42 divide 1092840?
True
Does 10 divide 108724?
False
Is 62 a factor of 43472?
False
Does 24 divide 621492?
False
Does 25 divide 8440568?
False
Is 12 a factor of 555696?
True
Is 1590033 a multiple of 79?
True
Does 46 divide 143750?
True
Is 59 a factor of 344619?
True
Does 11 divide 90435?
False
Does 9 divide 12993843?
False
Does 12 divide 2919119?
False
Does 77 divide 183645?
True
Is 643 a factor of 456760?
False
Is 390343 a multiple of 300?
False
Is 3636927 a multiple of 16?
False
Is 4526582 a m